mainder when 55 is divided by s(-11)?
13
Let y(t) = 109*t**2 + 2*t - 3. Calculate the remainder when y(1) is divided by 10.
8
Let l = -14 - -43. Suppose 0*o = -o + l. Let x = o - -2. What is the remainder when x is divided by 11?
9
Let c(z) = -z**3 + 9*z**2 + 5*z - 7. Let n be c(9). Suppose 0*v + 2*v - n = 0. Let t = -6 + 13. What is the remainder when v is divided by t?
5
Let z(g) = -g**3 - 12*g**2 - 16*g - 12. Let u be z(-11). Let q = 65 - u. Calculate the remainder when 65 is divided by q.
21
Suppose -3*j + 3*q + 27 = 0, -4*j - 5*q + 18 = -0*q. Calculate the remainder when 8 is divided by j.
1
Let x be 52/(-9) + (-18)/81. Let k = -5 - x. What is the remainder when 48 is divided by ((-3)/3 - k) + 27?
23
Suppose 24 = -2*q + 2*i, -5*i = -0*i. Let u be 2*10*3/q. What is the remainder when 13 is divided by (-2)/u - (-46)/10?
3
Calculate the remainder when (248/32 - -4)*4*1 is divided by 14.
5
Let c(u) = u**2 + 9*u - 4. Let i be c(-10). Suppose -2*r = -r - i. What is the remainder when 11 is divided by r?
5
Let z(d) = 15*d**2 - 2*d - 10. What is the remainder when z(4) is divided by 45?
42
Suppose 2*g + 2*j = 32, 0*j + 3*j = 3*g - 30. Calculate the remainder when 62 is divided by g.
10
Let r = 13 - 10. Suppose 2*u = 6, -r*i + 2*u + 84 = -2*u. Calculate the remainder when i is divided by 12.
8
Suppose 3*b + j = -35, -2 = -3*j + 1. Let a = b + 21. What is the remainder when 31 is divided by a?
4
Suppose -8*u + u + 238 = 0. What is the remainder when 135 is divided by u?
33
Suppose -3*y + 3 + 3 = 0. Let q = 10 + -7. Let t(l) = 2*l - 2. What is the remainder when t(q) is divided by y?
0
Let m = -9 - -14. Suppose 0 = m*o - 16 - 14. What is the remainder when o is divided by 2?
0
Let w(a) be the third derivative of -a**6/120 + a**5/10 - 5*a**4/24 + a**3/3 - 3*a**2. What is the remainder when w(4) is divided by 8?
6
Suppose -j - 4*j - 575 = 0. Let g = 78 + j. Let i = 55 + g. What is the remainder when 53 is divided by i?
17
Suppose -a + 0*a = 0. Suppose -4*m = a, -2*f - 3*m = -0*m - 2. Suppose 0 = 5*c - 86 + 81. What is the remainder when f is divided by c?
0
Suppose -5*k = -65 - 25. Calculate the remainder when 68 is divided by k.
14
Let p be (6/(-7))/(1/(-7)). Suppose 5*d = -p*y + 4*y + 63, -3*d + 65 = 2*y. Calculate the remainder when 99 is divided by y.
31
Suppose -5*o + 39 - 11 = 4*f, -5*o = -4*f - 12. Suppose 3*y - 90 = -f*y. Let p = 140 + -69. Calculate the remainder when p is divided by y.
17
Let h = 352 - 342. What is the remainder when h is divided by -1*(1 + -5)*1?
2
Let k(q) = 4*q + 1. What is the remainder when 31 is divided by k(4)?
14
Let k(u) = -8*u + 5. Let s be k(-6). Let p = -86 + 123. Let n = s - p. What is the remainder when n is divided by 9?
7
Let m = 3 - -9. Calculate the remainder when 93 is divided by m.
9
What is the remainder when 38 + (2 - (2 - -3)) is divided by 12?
11
Suppose 3*v - 16 = v. What is the remainder when (-34)/(-4)*v/4 is divided by 6?
5
Let a(o) = o**3 - 9*o**2 - 10*o - 3. Let k be a(10). Let q = 10 + k. Suppose 3*c + 25 = 5*h - 2*c, -5*h + q = c. What is the remainder when 5 is divided by h?
1
Let p(y) = y**3 - 5*y**2 + 3*y + 3. Let l be p(3). Let d(i) = i + 8. Calculate the remainder when 7 is divided by d(l).
1
Let a(p) = p + 8*p + p**2 + 10 - 4*p**2 + 2*p**2. What is the remainder when (0 - -19) + 0 + 0 is divided by a(9)?
9
Let r(t) = t + 7. Let y be r(-4). Suppose -5*b - y = -13, -2*n + b + 10 = 0. What is the remainder when 22 is divided by n?
4
What is the remainder when 21 is divided by (-70)/(-6) + 7/21?
9
Let c = -5 + 18. What is the remainder when 24 is divided by c?
11
Let c(w) = -28*w**3 + 1. Calculate the remainder when c(-1) is divided by 15.
14
Let g(w) = -w**2 + w + 38. What is the remainder when g(0) is divided by 10?
8
Let y(r) = -10*r - 21. What is the remainder when y(-8) is divided by 12?
11
Let x = 0 + -1. Let j = x + 3. Calculate the remainder when 13 is divided by (-7*(-3 + j))/1.
6
Let c = 1 + 2. Let g(h) = h**3 - h**2 - 4*h + 4. Suppose 4*l - 56 = 2*l. Calculate the remainder when l is divided by g(c).
8
Let w be (-2 + -3 + 35)/2. Let g be (-10)/w - 23/(-3). Let s(c) = -c**3 + 7*c**2 + c + 3. What is the remainder when 29 is divided by s(g)?
9
Let g(t) = -t**2 + t + 6. Let f be g(0). Suppose -94 = 2*z - f*z + 5*s, 2*s + 4 = 0. What is the remainder when z is divided by 11?
10
Suppose 5*d = 4*r + d - 252, 2*r + d = 120. Suppose -2*v + 2 = -40. What is the remainder when r is divided by v?
19
Let z be 222/9 - 2/3. Calculate the remainder when 15 is divided by 200/z - (-1)/(-3).
7
Suppose -15 + 63 = 4*w. What is the remainder when 33 is divided by w?
9
Suppose 25*t + 260 = 30*t. What is the remainder when t is divided by 12/(-15)*(-70)/4?
10
Let x(s) = -2*s**3 + 31*s**2 + 21*s - 70. Suppose 4*t + 8*a = 3*a + 123, -a = -3. What is the remainder when t is divided by x(16)?
7
Let u = 0 + 4. Suppose 2*t - u*t + o = -29, 4*o + 56 = 3*t. What is the remainder when 92*(18/8 + -2) is divided by t?
11
Let t be 4*(10/(-4) + 3). Suppose 0 = -3*c - 2*c - 5*u + 60, 4*u = t*c - 24. What is the remainder when 1/((-2)/42)*-1 is divided by c?
9
Let f be -3 - (-4 - (-6)/2). Let i(a) = -2*a + 6. Let z be i(6). Let k = f - z. What is the remainder when 6 is divided by k?
2
Let j = 2 + 3. Let x(d) = d**2 - d + 2. Suppose -2*r - 16 = -5*z, 2 = 2*r + 5*z - 2. Calculate the remainder when x(r) is divided by j.
4
Suppose 2*b + b - 132 = 3*m, 90 = 2*b - 3*m. Calculate the remainder when b is divided by 11.
9
Suppose 2*y - 17*y = -225. What is the remainder when y is divided by 4?
3
Suppose -f + d + 18 = 2, 4*d + 44 = 3*f. What is the remainder when 57 is divided by f?
17
Let r = -1 + 5. Suppose 5*z = r*q + 308, 2*z + 4*q + 48 = 160. Calculate the remainder when z is divided by 31.
29
Suppose -80 = -3*n + 3*j - 17, n - 2*j = 17. Suppose 4*o - 16 = 20. Calculate the remainder when n is divided by o.
7
Let n(d) = -6*d - 5. Let f(b) = -b**2 + 2*b + 1. Let x be f(4). Let w = -11 - x. What is the remainder when n(w) is divided by 10?
9
Let t(d) = 3*d**2 - 8*d + 6. Let u(r) = -3*r**2 + 7*r - 5. Let g(l) = -4*t(l) - 5*u(l). Calculate the remainder when g(5) is divided by 16.
13
Suppose f - 6 = 5. What is the remainder when 21 is divided by f?
10
Let k = 19 - 13. Calculate the remainder when 15 is divided by k.
3
What is the remainder when (1*-14)/((-7)/14) is divided by 18?
10
Let o = -8 - -14. Let c(k) = k**3 - 4*k**2 - 3*k + 8. Let p(y) = y - 2. What is the remainder when c(o) is divided by p(23)?
20
Suppose x - 451 = -3. Suppose 5*s = 10, -4*r + 142 = 2*s - s. Calculate the remainder when x/r + (-2)/(-10) is divided by 4.
1
Suppose 20 + 70 = 6*k. What is the remainder when 146 is divided by k?
11
Suppose 56 = 5*o - 4. What is the remainder when 47 is divided by o?
11
Let m(x) = -3*x + 49. What is the remainder when m(9) is divided by 3?
1
Let s(x) = -x**2 - 8*x - 4. Suppose -2*o - o = -60. Calculate the remainder when o is divided by s(-5).
9
Calculate the remainder when 11 is divided by -3 - ((-7)/1 + -2).
5
Suppose -s + 4*i = -77, -s + 5*s + 3*i = 213. Calculate the remainder when 225 is divided by s.
54
Suppose -2*p = 2*u + 3*u - 188, -4*p + 3*u + 376 = 0. What is the remainder when p is divided by 24?
22
Suppose 0 = -2*g + 5*z - 21, -4 = 3*g - 3*z + 5. Suppose u = -0*r + 4*r + 2, 4*u + 3*r = -11. Let w = g - u. Calculate the remainder when 6 is divided by w.
2
Suppose 0 = o + 4*k - 50, 0*o + 140 = 4*o + 4*k. Let y = -23 - -27. Suppose -y*l = l - o. Calculate the remainder when 16 is divided by l.
4
Let q(s) = -6*s + 1. Suppose 0 = -o - n + 6 - 4, 0 = 3*o - 2*n + 14. Let z = 1 + o. What is the remainder when q(z) is divided by 3?
1
Calculate the remainder when 18 is divided by (13 + -16)/((-2)/4).
0
Let r(j) = 20*j. Let h(l) = -7*l. Let v(k) = 17*h(k) + 6*r(k). Suppose 42*d - 44*d = -14. Calculate the remainder when d is divided by v(3).
1
Suppose -3*p + 15 = 5*h, -3*p - 12 = -3*h - 3. Suppose -5*z + o = -4*o - 15, h*z - 4*o = 7. What is the remainder when 8 is divided by z?
3
Let v(i) = i + 3. Calculate the remainder when 38 is divided by v(7).
8
Let x(n) = -3*n - 2. Let j(q) = -q - 4. Let y be j(-2). Let f be x(y). What is the remainder when 4/6 - f/(-12) is divided by 1?
0
Suppose 0 = 5*t, -5*p - 2*t + 12